{"id":417,"date":"2014-09-30T11:20:29","date_gmt":"2014-09-30T11:20:29","guid":{"rendered":"http:\/\/www.anita-m.com\/wordpress\/?page_id=417"},"modified":"2019-04-14T10:45:29","modified_gmt":"2019-04-14T10:45:29","slug":"kontakt","status":"publish","type":"page","link":"https:\/\/www.anita-m.com\/wordpress\/kontakt\/?lang=de","title":{"rendered":"Kontakt"},"content":{"rendered":"<h2>Wie k\u00f6nnen Sie ANITA-M. Erreichen?<\/h2>\n<ul>\n<li>\u00a0Erw\u00e4gen Sie die Anschaffung eines Gem\u00e4ldes oder ein Bronzenstatue?<\/li>\n<li>\u00a0Haben Sie eine Idee f\u00fcr ein Bronzeportr\u00e4t von jemand?<\/li>\n<li>\u00a0Sie k\u00f6nnen zu jeder Zeit eine freibleibenden Besuch an mein Atelier bringen.<\/li>\n<\/ul>\n<p>Adress: Slotlaan 88, 3701 GP Zeist, Niederlande<\/p>\n<p>Per email:\u00a0\u00a0\u00a0\u00a0\u00a0\u00a0\u00a0 <a href=\"mailto:anita@anita-m.com\" target=\"_blank\" rel=\"noopener noreferrer\"><span style=\"color: #ff6600;\">anita@anita-m.com<\/span><\/a><\/p>\n<p>Per Telefon:\u00a0\u00a0 +31 6 20 41 95 82<\/p>\n<p>Parkplatz: Garage FIGI<\/p>\n<h2 style=\"padding-left: 90px;\"><span style=\"color: #99ccff;\">Hole deine Inspiration aus der Natur<\/span><\/h2>\n<h2 style=\"padding-left: 90px;\"><span style=\"color: #99ccff;\">finde Sch\u00f6nheit im einfachen Ruhe im Raum<\/span><\/h2>\n<h2 style=\"padding-left: 90px;\"><span style=\"color: #99ccff;\">Lass dich f\u00fchren durch Licht<\/span><\/h2>\n<h2 style=\"padding-left: 90px;\"><span style=\"color: #99ccff;\">sei Transparant als Eis<\/span><\/h2>\n<h2 style=\"padding-left: 90px;\"><span style=\"color: #99ccff;\">sch\u00f6pfe Kraft aus K\u00e4lte und W\u00e4rme aus deinem Herzen.<\/span><\/h2>\n<h2 style=\"padding-left: 90px;\"><\/h2>\n","protected":false},"excerpt":{"rendered":"<p>Wie k\u00f6nnen Sie ANITA-M. Erreichen? \u00a0Erw\u00e4gen Sie die Anschaffung eines Gem\u00e4ldes oder ein Bronzenstatue? \u00a0Haben Sie eine Idee f\u00fcr ein Bronzeportr\u00e4t von jemand? \u00a0Sie k\u00f6nnen zu jeder Zeit eine freibleibenden Besuch an mein Atelier bringen. Adress: Slotlaan 88, 3701 GP &hellip; <a href=\"https:\/\/www.anita-m.com\/wordpress\/kontakt\/?lang=de\">Lees verder <span class=\"meta-nav\">&rarr;<\/span><\/a><\/p>\n","protected":false},"author":2,"featured_media":0,"parent":0,"menu_order":0,"comment_status":"closed","ping_status":"closed","template":"onecolumn-page.php","meta":{"footnotes":""},"class_list":["post-417","page","type-page","status-publish","hentry"],"_links":{"self":[{"href":"https:\/\/www.anita-m.com\/wordpress\/wp-json\/wp\/v2\/pages\/417","targetHints":{"allow":["GET"]}}],"collection":[{"href":"https:\/\/www.anita-m.com\/wordpress\/wp-json\/wp\/v2\/pages"}],"about":[{"href":"https:\/\/www.anita-m.com\/wordpress\/wp-json\/wp\/v2\/types\/page"}],"author":[{"embeddable":true,"href":"https:\/\/www.anita-m.com\/wordpress\/wp-json\/wp\/v2\/users\/2"}],"replies":[{"embeddable":true,"href":"https:\/\/www.anita-m.com\/wordpress\/wp-json\/wp\/v2\/comments?post=417"}],"version-history":[{"count":5,"href":"https:\/\/www.anita-m.com\/wordpress\/wp-json\/wp\/v2\/pages\/417\/revisions"}],"predecessor-version":[{"id":1533,"href":"https:\/\/www.anita-m.com\/wordpress\/wp-json\/wp\/v2\/pages\/417\/revisions\/1533"}],"wp:attachment":[{"href":"https:\/\/www.anita-m.com\/wordpress\/wp-json\/wp\/v2\/media?parent=417"}],"curies":[{"name":"wp","href":"https:\/\/api.w.org\/{rel}","templated":true}]}}